?
False
Is 16 a factor of 1317?
False
Is 3 a factor of 9290?
False
Is 379499 a multiple of 68?
False
Is 155856 a multiple of 51?
True
Is 15 a factor of 707049?
False
Does 389 divide 614789?
False
Is 1024443 a multiple of 441?
True
Does 12 divide 27264?
True
Is 57028 a multiple of 4?
True
Does 6 divide 267768?
True
Is 1549857 a multiple of 20?
False
Does 76 divide 7220?
True
Is 4679991 a multiple of 27?
True
Is 133 a factor of 5107732?
True
Is 283 a factor of 233351?
False
Is 229710 a multiple of 26?
True
Is 2394150 a multiple of 55?
True
Does 6 divide 11216228?
False
Is 152340 a multiple of 12?
True
Does 21 divide 100745?
False
Is 220 a factor of 106791?
False
Is 2 a factor of 1069218?
True
Is 126212 a multiple of 298?
False
Does 13 divide 2481394?
False
Is 4 a factor of 271020?
True
Is 169 a factor of 8328126?
False
Is 16 a factor of 5175232?
True
Is 671335 a multiple of 35?
True
Is 65 a factor of 95521?
False
Is 2240 even?
True
Is 24528 a multiple of 24?
True
Is 21707264 a multiple of 2512?
False
Is 7169771 a multiple of 111?
False
Does 60 divide 7486320?
True
Is 115192 a multiple of 11?
True
Is 40 a factor of 310243?
False
Is 411 a factor of 291810?
True
Is 90 a factor of 1064234?
False
Does 15 divide 331398?
False
Is 570975 a multiple of 331?
True
Does 8 divide 311288?
True
Is 70115 a multiple of 7?
False
Is 69720 a multiple of 7?
True
Is 205120 a multiple of 27?
False
Does 5 divide 105985?
True
Is 3408892 a multiple of 285?
False
Is 807300 a multiple of 230?
True
Does 58 divide 3297648?
True
Is 671 a factor of 842825?
False
Does 46 divide 30679?
False
Does 19 divide 1083003?
False
Is 7 a factor of 3398906?
True
Is 106261 a multiple of 2?
False
Is 77 a factor of 6199886?
True
Does 14 divide 4781390?
False
Is 51 a factor of 8709576?
True
Is 234 a factor of 1010646?
True
Is 21 a factor of 719691?
True
Is 736057 a multiple of 23?
False
Is 641784 a multiple of 374?
True
Is 1407 a factor of 1074948?
True
Is 16893 a multiple of 3?
True
Is 19 a factor of 249014?
True
Is 492 a factor of 55813?
False
Does 289 divide 275995?
True
Is 900702 a multiple of 7?
False
Does 150 divide 1674417?
False
Is 21 a factor of 9345?
True
Is 203793 a multiple of 6?
False
Does 24 divide 197136?
True
Is 3776245 a multiple of 119?
False
Is 699865 a multiple of 265?
True
Does 65 divide 353909?
False
Is 523986 a multiple of 138?
True
Is 104 a factor of 8693464?
True
Is 4 a factor of 403384?
True
Is 65801 a multiple of 149?
False
Is 44 a factor of 4356044?
True
Is 1508558 a multiple of 14?
False
Does 3 divide 41493?
True
Is 628 a factor of 166375?
False
Is 209392 a multiple of 46?
True
Does 41 divide 32892?
False
Is 798 a factor of 2872194?
False
Is 11780203 a multiple of 16?
False
Does 91 divide 1344070?
True
Is 140509 a multiple of 584?
False
Is 1594 a factor of 24738880?
True
Does 74 divide 106856?
True
Does 59 divide 2832?
True
Is 13 a factor of 6253495?
False
Is 838113 a multiple of 89?
True
Does 22 divide 255750?
True
Is 54103 a multiple of 131?
True
Is 351 a factor of 97929?
True
Is 30776 a multiple of 71?
False
Is 1164441 a multiple of 41?
True
Is 258 a factor of 56760?
True
Is 2 a factor of 550595?
False
Is 36040 a multiple of 106?
True
Is 265092 a multiple of 164?
False
Is 41 a factor of 1544962?
True
Is 3227374 a multiple of 27?
False
Does 5 divide 2424760?
True
Does 764 divide 6953928?
True
Does 474 divide 122600?
False
Is 101 a factor of 627614?
True
Does 16 divide 27048?
False
Does 6 divide 23244?
True
Is 8 a factor of 581162?
False
Is 10522 a multiple of 5?
False
Is 4 a factor of 20784?
True
Is 76 a factor of 38608?
True
Is 20 a factor of 465040?
True
Is 159273 a multiple of 51?
True
Is 14 a factor of 1531544?
True
Is 49530 a multiple of 30?
True
Does 123 divide 10694850?
True
Is 244298 a multiple of 10?
False
Is 203 a factor of 932013?
False
Is 101 a factor of 2321889?
True
Is 5563526 a multiple of 25?
False
Is 22 a factor of 6610494?
True
Is 28440 a multiple of 10?
True
Is 610587 a multiple of 9?
True
Does 23 divide 103792?
False
Is 11364232 a multiple of 23?
False
Is 349677 a multiple of 891?
False
Is 4 a factor of 33093?
False
Does 51 divide 915960?
True
Does 139 divide 319501?
False
Is 934 a factor of 5351775?
False
Does 22 divide 62321?
False
Is 143871 a multiple of 119?
True
Does 6 divide 180004?
False
Does 66 divide 1410948?
True
Does 11 divide 154242?
True
Does 104 divide 136635?
False
Is 1482525 a multiple of 75?
True
Is 96 a factor of 4354007?
False
Is 613470 a multiple of 5?
True
Is 1956463 a multiple of 613?
False
Is 1036803 a multiple of 8?
False
Is 50525 a multiple of 5?
True
Is 560109 a multiple of 33?
True
Is 6 a factor of 563312?
False
Is 355 a factor of 2686753?
False
Is 20026 a multiple of 38?
True
Is 225 a factor of 35100?
True
Is 36 a factor of 48078?
False
Is 32 a factor of 417497?
False
Is 18 a factor of 12717?
False
Is 8102835 a multiple of 179?
False
Is 5896370 a multiple of 13?
False
Does 33 divide 18388?
False
Does 10 divide 322360?
True
Is 5449580 a multiple of 19?
True
Is 11 a factor of 127503?
False
Is 50 a factor of 160400?
True
Is 22 a factor of 1517956?
True
Does 976 divide 38064?
True
Is 54 a factor of 62964?
True
Does 357 divide 242760?
True
Does 14 divide 1244365?
False
Is 284862 a multiple of 23?
False
Does 6 divide 521466?
True
Does 85 divide 733040?
True
Does 19 divide 363923?
False
Is 158100 a multiple of 25?
True
Is 147 a factor of 619683?
False
Is 202367 a multiple of 394?
False
Does 25 divide 278925?
True
Does 17 divide 139047?
False
Is 15993232 a multiple of 16?
True
Is 12 a factor of 4756320?
True
Is 25 a factor of 1144950?
True
Does 357 divide 20460?
False
Does 7 divide 23387?
True
Does 113 divide 679356?
True
Does 3 divide 422109?
True
Is 86 a factor of 2150172?
True
Is 57172 a multiple of 74?
False
Is 5828801 a multiple of 74?
False
Is 261036 a multiple of 27?
True
Is 481748 a multiple of 7?
False
Does 305 divide 1754100?
False
Is 4 a factor of 446718?
False
Is 5243 a multiple of 49?
True
Is 91952 a multiple of 28?
True
Is 252516 a multiple of 44?
True
Is 175 a factor of 43225?
True
Does 8 divide 4636438?
False
Does 351 divide 23599095?
False
Does 3 divide 27874?
False
Is 278 a factor of 1406959?
False
Does 6 divide 116106?
True
Does 16 divide 1682112?
True
Is 996 a factor of 1995882?
False
Is 67 a factor of 11480?
False
Is 237377 a multiple of 165?
False
Is 1085518 a multiple of 17?
True
Is 46806 a multiple of 29?
True
Does 222 divide 488843?
False
Is 2270024 a multiple of 74?
True
Does 42 divide 16588406?
False
Is 76874 a multiple of 133?
True
Is 4 a factor of 227400?
True
Does 25 divide 491845?
False
Is 106307 a multiple of 329?
False
Is 15900 a multiple of 19?
False
Is 24 a factor of 2328084?
False
Is 5 a factor of 19330?
True
Does 46 divide 711160?
True
Is 1124045 a multiple of 74?
False
Is 3594 a multiple of 52?
False
Does 20 divide 5437325?
False
Is 214962 a multiple of 79?
False
Does 102 divide 940848?
True
Is 235431 a multiple of 111?
True
Is 20 a factor of 7929860?
True
Is 11 a factor of 1357125?
True
Is 341880 a multiple of 140?
True
Does 2 divide 55733?
False
Is 1091 a factor of 473062?
False
Does 206 divide 8702549?
False
Is 74124 a multiple of 125?
False
Does 3 divide 184767?
True
Does 184 divide 197800?
True
Is 3 a factor of 6266?
False
Does 16 divide 2055987?
False
Does 362 divide 1274338?
False
Is 47 a factor of 1384197?
True
Is 17 a factor of 29894?
False
Does 71 divide 9724160?
True
Is 39117 a multiple of 3?
True
Does 590 divide 2973480?
False
Does 562 divide 3620404?
True
Does 4 divide 121202?
False
Does 228 divide 95988?
True
Does 721 divide 21147620?
False
Does 196 divide 109956?
True
Is 45004 a multiple of 167?
False
Is 478 a factor of 1326450?
True
Is 242833 a multiple of 78?
False
Is 83784 a multiple of 6?
True
Is 9 a factor of 48960?
True
Is 396513 a multiple of 39?
True
Does 6 divide 2831?
False
Does 21 divide 2621178?
True
Is 542278 a multiple of 22?
True
Is 7 a factor of 31388?
True
Is 30984421 a multiple of 157?
True
Is 14297 a multiple of 7?
False
Is 1295169 a multiple of 13?
False
Is 15 a factor of 100451?
False
Does 17 divide 310692?
True
Is 1282808 a multiple of 82?
True
Is 24 a factor of 80088?
True
Is 1052633 a multiple of 239?
False
Does 175 divide 131071?
False
Does 5